
2
Let f(m) = -2*m**2 - 4*m - 5. Let h(i) = -i**2 - 2*i - 2. Let u(r) = 3*f(r) - 7*h(r). Let j be u(2). Let q(t) = 7 - j*t + t + 6*t**2 - 5*t**2. What is q(5)?
2
Let u(v) be the third derivative of -v**5/60 + 3*v**4/8 - 5*v**3/3 - 9*v**2 - 14. Give u(5).
10
Let r(u) = -u**3 + 6*u**2 + u + 2. Let n be r(6). Suppose 0 = -5*y - 20, 2*q - 4*y = -y + 6. Let f = n + q. Let w(o) = o**2 - 5*o. What is w(f)?
0
Let a(f) = -2*f - 5. Let n be 1/(-8)*-4*0. Suppose -i - 2*i - 12 = n. Calculate a(i).
3
Let o be 0 - ((0 - 1) + 5). Let r(m) = 7*m**2 - m - 3. Let g(v) = -v**2 + v. Let q = 67 - 66. Let n(b) = q*r(b) + 6*g(b). What is n(o)?
-7
Let c(a) = 10*a + 16. Let x(r) be the second derivative of r**3/6 + r**2 + 28*r. Let w(b) = c(b) - 8*x(b). Determine w(-2).
-4
Let n(q) = -263 - 12*q - 185 + 456. Give n(5).
-52
Let w(r) = r**3 - 5*r**2 + 6*r - 6. Let t(c) = -c**3 - c**2 - 4*c - 5. Let p be t(-4). Let m = p - 39. Suppose -5*b = -0*b - m. What is w(b)?
2
Let b = 7 - 2. Let f(z) = -z**3 - 3*z**2 - z. Let o be f(-3). Let j(g) = -o*g**2 - g**2 + 6*g**3 - 8*g + 3*g - 5*g**3 - 6. Calculate j(b).
-6
Suppose 5*w + 4*t + 12 = w, 0 = -4*w + 3*t - 40. Let v(d) = -d + 3*d - 5*d + 5 + 6*d. What is v(w)?
-16
Let r(i) = -3*i**3 - i**2 + 2*i. Let j be 4/(-3)*3/2. Calculate r(j).
16
Let o(x) = x - 9. Let y(b) = b**2 + 15*b + 10. Let i(p) = -3*p**2 - 45*p - 29. Let m(v) = 4*i(v) + 11*y(v). Let q be m(-14). Calculate o(q).
-1
Let a(t) = 9*t - 1. Let p = 4 - 2. Suppose -4 + p = -u. What is a(u)?
17
Let z(i) = 10*i**2 - 3*i + 2. Suppose -5*n - 22 = -27*n. Calculate z(n).
9
Let l(s) = -2*s - 7. Let p be l(-7). Let m(t) = 3 + t**2 - p*t + 5*t + 4*t. Calculate m(-5).
18
Suppose -75 + 45 = -10*x. Let v(m) = -3 - x*m + 12*m - 4*m - m**2. Suppose -38 = -4*u + 4*a - 6, -2*u + a + 11 = 0. What is v(u)?
3
Let c be (93/(-12) + 7)*-4. Let t(n) = -n**2 - 3*n. Determine t(c).
-18
Let k(i) = -2*i**2 + 4*i - 3. Let w be k(2). Let j be -3*(w/1)/(-3). Let n be (j*(-2)/6)/1. Let o(m) = -m**3 - m**2 + 1. Give o(n).
-1
Let a(l) = l**2 + 3*l - 5. Let i = -202 - -198. Give a(i).
-1
Let g(c) be the first derivative of 2*c**3 + 6*c - 5/2*c**2 + 1 - 1/4*c**4. Let a(l) = 2*l**2 - l - 1. Let f be a(2). Determine g(f).
6
Let u(m) = -1 + 4*m**2 + 0*m**2 - m**2 + 0*m**2 - 11*m. Let p be u(4). Let i(x) = -3*x**2 + 3*x. Give i(p).
-18
Let o be 0 - 1 - (0 + -4). Let u(r) be the third derivative of r**5/60 + r**4/8 + r**3/2 + 14*r**2 - 56. Determine u(o).
21
Let c(d) be the second derivative of -d**4/24 - 2*d**3/3 - 3*d**2 - 10*d. Let x(l) be the first derivative of c(l). Give x(-4).
0
Let n(s) = -2 + 0 + 3*s - 4. Let f be n(3). Suppose 0*w - 2*u = -w - 1, -3*w - f*u = 21. Let h(m) = -2*m - 5. Give h(w).
5
Let h(v) = -v**3 + 3*v + 2. Suppose 5*a = 3*r - 29, 0 = 3*r + 19*a - 23*a - 25. What is h(r)?
-16
Let c(f) = 6 + 1072*f**2 + 8*f + 5*f**3 - 6*f**3 - 1064*f**2. Calculate c(9).
-3
Let g(h) = -h**3 - 7*h**2 - 3*h - 7. Suppose 22*p + 105 = 7*p. Calculate g(p).
14
Let x = 248 - 252. Let l(y) = -3*y**2 + 6*y + 1. Calculate l(x).
-71
Let b be (3/(-9))/((-1)/51). Let q(o) = 27*o + 4 - 46*o + b*o. Determine q(-3).
10
Suppose 4*x - 2*j = -0*j + 22, 5*j + 7 = 2*x. Let v(q) = 0*q**3 - 2*q**3 - x*q**2 - q**2 - 5*q + q**3 + 2. What is v(-6)?
-4
Let s(d) = 1 + d**3 - 6*d**2 + 7*d - 33*d + 17*d. Calculate s(7).
-13
Suppose 0 = -4*k - 7 + 23. Suppose -2*n = 3*u + 1, k*n + 26 = u + u. Let w(t) = -t**3 + 3*t**2 - 4. Determine w(u).
-4
Let l = 266 - 261. Let x(k) be the third derivative of -3*k**2 - 1/2*k**3 + 0 - 1/8*k**4 - 1/15*k**5 + 0*k + 1/120*k**6. Determine x(l).
7
Suppose -25 = -5*f + c + 2*c, -5*f = c - 45. Suppose -n + f = 3*n. Let g(y) = -2 + 33*y**2 + 1 - 29*y**2 + 0. What is g(n)?
15
Suppose 0 = 19*k + 15 - 167. Let h(f) = -f + 4. What is h(k)?
-4
Let r = -120 + 178. Let f be 2/(-9) + r/18. Let g(d) = -2*d**3 - 483*d + d**3 + 485*d + 2*d**2 - 4. Give g(f).
-7
Let p(d) = d**3 - 20*d**2 - 23*d + 48. Let g be p(21). Let x(r) = 2*r - 5. Calculate x(g).
7
Let b(t) be the third derivative of -t**5/60 + 11*t**4/24 - 7*t**3/6 + 2*t**2 + 11*t. Calculate b(7).
21
Let b(a) be the first derivative of a**3/3 + 3*a**2 - 5*a - 10. Let t(c) = 4*c - 1. Let z be t(1). Suppose -3*p - 30 = -5*q, -z*p = -4*q + 4 + 23. Give b(p).
-10
Let g(l) = l**3 - 4*l**2 + l + 2. Let m be (-5)/15 - (-26)/6. Let o be g(m). Let i(q) be the second derivative of -q**3/6 - q**2/2 - 3*q. Determine i(o).
-7
Let c be 2 - (-3 - -2)/1. Let a be -1*(-2 + 2) + c. Suppose 8 = a*v - 5*v. Let w(h) = h**2 + h - 5. Determine w(v).
7
Let m(a) = -3*a - 253 + 0*a + 241 + 2*a. Let z = -1 + 1. Give m(z).
-12
Let k(c) = 2*c**3 + c**2 + 2*c + 1. Let w(l) = 6 - l**2 - 1 + 6 - l - 10. Let h be w(1). Calculate k(h).
-2
Let w(z) = -z**3 - 13*z**2 - z - 8. Let o be w(-13). Let f(b) = 3*b**3 - 2*b**3 - 2*b**3 + 4*b + 9*b**2 + 2 - o*b**2. Calculate f(5).
-3
Let u(r) be the second derivative of r**5/20 + 5*r**4/4 + 5*r**3/2 + 4*r**2 + 434*r. Give u(-14).
-6
Let a(m) be the third derivative of m**5/60 + m**4/4 + m**3 + 2*m**2. Suppose -4*n = -2*r + 68, 5*r + 64 = 2*n + 218. Suppose -13*t = -7*t + r. What is a(t)?
1
Let w be (165/(-25) - -3)*5. Let l be w/2*(-2)/(-3). Let s(y) = -y**2 - 7*y - 7. What is s(l)?
-1
Let j = -14 - -18. Let q(a) = -a**2 + a - 16. Let y(x) = x**2 - x + 15. Let d(l) = j*q(l) + 5*y(l). Let g(s) be the first derivative of d(s). Calculate g(1).
1
Let s be ((-6)/(-7))/(2/(-14)). Let m = s - -12. Let c(r) be the third derivative of r**6/120 - r**5/10 - r**4/12 + 3*r**3/2 - 2*r**2. What is c(m)?
-3
Let z(j) = j**3 + 4 + 2*j**2 - j + 0*j**3 + 2*j. Suppose 6*f = f - v, -f - 4*v = 0. Suppose 0 = -4*k + s - 12, 3*s + f*s = 4*k + 12. Determine z(k).
-8
Let p(f) be the first derivative of f**3/3 + f**2/2 + 5*f + 38. Suppose 3*o - 3*s + 8 = s, 2*s + 6 = -o. Give p(o).
17
Let f(i) be the third derivative of -3/20*i**5 + 0 + 10*i**2 + 0*i + 11/6*i**3 + 1/120*i**6 - 11/24*i**4. Let v be f(10). Let z(d) = 10*d**3 - 1. What is z(v)?
9
Suppose 5*r - 8 = -4*a - 3, 2*r = -a - 1. Suppose 2*g = -0*u - 3*u + 11, a*g - 2*u = 18. Let p(q) = 4 - 2 + 0 - q. Give p(g).
-2
Let l(u) be the first derivative of -u**3/3 + u**2/2 + 2*u + 1. Let o be 9/(-3) - (3 - (-12)/(-3)). Let b be l(o). Let g(v) = -v**2 - v + 3. What is g(b)?
-9
Let j(x) be the first derivative of -x**4/4 + 4*x**3/3 - x**2/2 - 2*x - 6. Suppose -8 = 2*f - 16. Calculate j(f).
-6
Let k(w) = 2*w - 2. Let t(a) = -a**3 + 6*a**2 - 4*a + 12. Let s be t(6). Let g = s - -15. What is k(g)?
4
Suppose -2*c = -i + c + 17, i - 33 = -c. Let d = i + -18. Let t(l) = -l**3 + 10*l**2 + 11*l - 3. Give t(d).
-3
Let t(c) = -c**2 + 7*c - 9. Let o(s) = -s + 1. Let a(l) = -3*o(l) - t(l). Let y = 15 - 11. Calculate a(y).
6
Let k(t) be the third derivative of 0 - 1/3*t**3 + 5/24*t**4 - 13*t**2 - 1/60*t**5 + 0*t. What is k(3)?
4
Let a(w) = -5*w + 12. Let x(j) = -j + 1. Let z(g) = a(g) - 4*x(g). Let u(f) = 3*f - 23. Let r(c) = -3*u(c) - 8*z(c). Calculate r(-4).
9
Let q(x) = -6*x**2 + 7*x + 4. Let a(h) = -5*h**2 + 6*h + 4. Let m(i) = 4*a(i) - 3*q(i). Determine m(3).
-5
Let n(z) = 7*z - 4. Let t(j) = -7*j + 5. Suppose -27*w - 5 = -28*w. Let f(v) = w*t(v) + 6*n(v). Determine f(-3).
-20
Let c = -69 - -70. Let t(u) = 9*u**2 - 2*u + 1. Calculate t(c).
8
Let o(t) = 3*t**3 - 15 + 9*t - 6*t - 4*t**3 + 6*t**2. Determine o(6).
3
Let u(f) = -10*f**2. Suppose -4*o + 0 = -16. Let y(m) = -m**2 + 4*m - 1. Let z be y(o). Let p be (z/4)/((-6)/24). Give u(p).
-10
Let w(c) = 4*c**2 - 4*c + 3. Let u(v) = v**2 + v + 1. Let f(s) = -3*u(s) + w(s). What is f(8)?
8
Let q(h) = 2*h + 10. Let b be (1/(-2)*3)/((-15)/(-90)). Determine q(b).
-8
Suppose -562*a + 567*a + 20 = 0. Let u(x) = x**2 + x - 7. Calculate u(a).
5
Let q = -32 + 27. Let l(u) = u**2 + u - 10. Let f be l(q). Let v(h) = h**3 - 9*h**2 - 12*h + 18. Let j be v(f). Let x(b) = -7*b + 2. What is x(j)?
16
Suppose -d + 0*d = -7. Let w(s) = 19*s - 9*s - d*s - 6. Let b(i) = 5*i**2 - 1. Let v be b(1). Calculate w(v).
6
Let b(c) be the second derivative of -2*c**4/3 - c**2/2 + c. Let s(a) be the third derivative of a**5/60 - a**4/3 + a**3 - a**2. Let k be s(7). Calculate b(k).
-9
Let u(l) = -6*l**2 - 2*l - 5. Let w be u(0). Let t(m) = m**3 + 4*m**2 - 5*m - 4. Give t(w).
-4
Let v(n) = -n**2 + 5*n + 7. Let b be v(0). Let l